{"id":7091,"date":"2025-03-14T12:11:56","date_gmt":"2025-03-14T11:11:56","guid":{"rendered":"https:\/\/stage.inner-code.hr\/?page_id=7091"},"modified":"2025-03-25T10:13:52","modified_gmt":"2025-03-25T09:13:52","slug":"savjetovanja","status":"publish","type":"page","link":"https:\/\/stage.inner-code.hr\/index.php\/savjetovanja\/","title":{"rendered":"Savjetovanja"},"content":{"rendered":"<div class=\"post_excerpt \"><\/p>\n<p>Svaka zdrava, psihi\u010dki stabilna osoba ponekad se na\u0111e u \u017eivotnim situacijama kada joj je te\u0161ko prona\u0107i rje\u0161enje i donijeti odluku (npr. strah pred promjenom posla, vi\u0161estruki pad na ispitu, trema pred va\u017ean nastup, prekid dugogodi\u0161nje veze, frustriraju\u0107i odnos s kolegom, \u010dlanom obitelji, bliskim osobama, velike \u017eivotne promjene i sl.).<\/p>\n<p>To je potpuno prirodno i pripada temi zvanoj \u017dIVOT u kojoj svatko od nas sudjeluje na svoj na\u010din.<\/p>\n<p>Promjene su neminovne i neizbje\u017ene. Kada su ugodne, volimo ih. No, kada nisu, pred nama se otvara mogu\u0107nost dono\u0161enja odluke: prepustiti se sudbini ili dati sve od sebe da se prona\u0111e rje\u0161enje i do\u017eivi uspje\u0161na promjena.<\/p>\n<p>Kada smo u sredi\u0161tu problema, ote\u017eano nam je vidjeti rje\u0161enje. Upravo u takvim trenutcima, savjetovanje sa stru\u010dnom osobom daje nam vjetar u le\u0111a, aktivira na\u0161e resurse, da prona\u0111emo najpovoljnije rje\u0161enje za konkretnu situaciju koja nas mu\u010di.<br \/><br \/><\/p>\n<p><\/div>\n<h4>Evo nekoliko primjera tema koje se obra\u0111uju na individualnim savjetovanjima:<\/h4>\n<div class=\"post_excerpt animate\"><\/p>\n<ul>\n<li>promjena ne\u017eeljenog pona\u0161anja (npr. odga\u0111anje, neaktivnost, povla\u010denje pred problemima)<\/li>\n<li>svladavanje razli\u010ditih strahova i fobija<\/li>\n<li>svladavanje treme (npr. pred javni nastup\/ ispit)<\/li>\n<li>podizanje motivacije (npr. za u\u010denje, fizi\u010dke aktivnosti i sl.)<\/li>\n<li>izlazak iz ne\u017eeljenih emotivnih stanja (tuga, ljutnja)<\/li>\n<li>pobolj\u0161anje svojih privatnih i poslovnih odnosa<\/li>\n<li>postizanje (ostvarivanje) zadovoljavaju\u0107ih odnosa<\/li>\n<li>bolje no\u0161enje sa stresom i njegovim posljedicama<\/li>\n<li>uspostavljanje unutarnjeg mira i u izazovnim \u017eivotnim razdobljima i sl.<br \/><br \/><\/li>\n<\/ul>\n<p><\/div>\n<h4>Tko mo\u017ee imati koristi od savjetovanja?<\/h4>\n<div class=\"post_excerpt animate\"><\/p>\n<ul>\n<li><strong>Profesionalci<\/strong> koji \u017eele unaprijediti svoje karijere, pobolj\u0161ati komunikacijske vje\u0161tine i postaviti jasne ciljeve.<\/li>\n<li><strong>Poduzetnici<\/strong> koji \u017eele razviti poslovne strategije, upravljati stresom i odr\u017eati ravnote\u017eu izme\u0111u poslovnog i privatnog \u017eivota.<\/li>\n<li><strong>Osobe u prijelaznim \u017eivotnim fazama<\/strong> koje tra\u017ee smjernice za bolje dono\u0161enje odluka i upravljanje promjenama.<\/li>\n<li><strong>Svaka osoba<\/strong> koja \u017eeli pove\u0107ati svoju samosvijest, rje\u0161avati unutarnje konflikte ili se jednostavno osje\u0107ati ispunjeno.<br \/><br \/><\/li>\n<\/ul>\n<p><\/div>\n<h4>Kako izgleda individualno savjetovanje i koliko traje?<\/h4>\n<div class=\"post_excerpt animate\"><\/p>\n<p>Individualno savjetovanje podrazumijeva razgovor izme\u0111u klijenta i savjetnika. Radimo s vama na va\u0161im temama. Savjetnik vodi klijenta kroz proces osvje\u0161tavanja njegovih tema i blokada, razrade istih, te kroz proces osna\u017eivanja. Tako se omogu\u0107uje klijentima da prepoznaju vlastite snage, pove\u0107aju svoj prostor izbora, formiraju jasne ciljeve i razviju strategije za postizanje tih ciljeva<\/p>\n<p>Ono \u0161to smatramo svojom predno\u0161\u0107u jest veliki broj vrijednih i priznatih tehnika koje koristimo u svom radu. Stoga odabiremo i primjenjujemo upravo onu, koja je za vas i va\u0161u temu naju\u010dinkovitija.<\/p>\n<p>Individualno savjetovanje traje cca. 60 minuta.<\/p>\n<p>Savjetnik \u0107e vam na po\u010detku pojasniti sve \u0161to je va\u017eno i potrebno za individualni rad<\/p>\n<p>Ukoliko niste u mogu\u0107nosti fizi\u010dki do\u0107i na savjetovanje, mogu\u0107e ga je odr\u017eati on-line.<br \/><br \/><\/p>\n<p><\/div>\n<h4>Kako da se mogu prijaviti na individualno savjetovanje?<\/h4>\n<div class=\"post_excerpt animate\"><br \/>Prijaviti se mo\u017eete na e-mail <a href=\"mailto:info@inner-code.hr\">info@inner-code.hr<\/a> ili na broj 098 18 28 122.<\/p>\n<p>Zapo\u010dnite svoje putovanje prema unutarnjoj snazi i postizanju osobnih ciljeva.<\/p>\n<p><\/div>\n\n\n<div style=\"height:50px\" aria-hidden=\"true\" class=\"wp-block-spacer\"><\/div>\n\n\n\n<p><\/p>\n","protected":false},"excerpt":{"rendered":"<p>Evo nekoliko primjera tema koje se obra\u0111uju na individualnim savjetovanjima: Tko mo\u017ee imati koristi od savjetovanja? Kako izgleda individualno savjetovanje i koliko traje? Kako da se mogu prijaviti na individualno savjetovanje?<\/p>\n","protected":false},"author":1,"featured_media":0,"parent":0,"menu_order":0,"comment_status":"closed","ping_status":"closed","template":"","meta":{"footnotes":""},"class_list":["post-7091","page","type-page","status-publish","hentry"],"_links":{"self":[{"href":"https:\/\/stage.inner-code.hr\/index.php\/wp-json\/wp\/v2\/pages\/7091","targetHints":{"allow":["GET"]}}],"collection":[{"href":"https:\/\/stage.inner-code.hr\/index.php\/wp-json\/wp\/v2\/pages"}],"about":[{"href":"https:\/\/stage.inner-code.hr\/index.php\/wp-json\/wp\/v2\/types\/page"}],"author":[{"embeddable":true,"href":"https:\/\/stage.inner-code.hr\/index.php\/wp-json\/wp\/v2\/users\/1"}],"replies":[{"embeddable":true,"href":"https:\/\/stage.inner-code.hr\/index.php\/wp-json\/wp\/v2\/comments?post=7091"}],"version-history":[{"count":13,"href":"https:\/\/stage.inner-code.hr\/index.php\/wp-json\/wp\/v2\/pages\/7091\/revisions"}],"predecessor-version":[{"id":7115,"href":"https:\/\/stage.inner-code.hr\/index.php\/wp-json\/wp\/v2\/pages\/7091\/revisions\/7115"}],"wp:attachment":[{"href":"https:\/\/stage.inner-code.hr\/index.php\/wp-json\/wp\/v2\/media?parent=7091"}],"curies":[{"name":"wp","href":"https:\/\/api.w.org\/{rel}","templated":true}]}}