{"id":6829,"date":"2024-10-04T13:18:58","date_gmt":"2024-10-04T11:18:58","guid":{"rendered":"https:\/\/stage.inner-code.hr\/?page_id=6829"},"modified":"2026-01-04T22:59:40","modified_gmt":"2026-01-04T21:59:40","slug":"nlp-master","status":"publish","type":"page","link":"https:\/\/stage.inner-code.hr\/index.php\/nlp-master\/","title":{"rendered":"NLP Master"},"content":{"rendered":"<div class=\"post_excerpt \"><\/p>\n<p lang=\"en-GB\" style=\"text-align: center;\" align=\"left\">\u201eAko svoje misli, svoje osje\u0107aje te svoje svjesne i nesvjesne \u017eelje usmjerite u istom smjeru, nema doslovce ni\u010dega \u0161to ne biste mogli posti\u0107i\u201d<\/p>\n<p lang=\"en-GB\" style=\"text-align: right;\" align=\"left\">Richard Bandler<\/p>\n<p lang=\"en-GB\" align=\"left\"><strong>NLP Master<\/strong> je sljede\u0107a stepenica, vi\u0161a razina NLP edukacije, namijenjen razvoju novih vje\u0161tina, alata i strategija u radu s ljudima i postizanju osobne izvrsnosti. Kroz ovu edukaciju pro\u0161iruju se i usvajaju nova znanja u cilju postizanja \u017eeljenih promjena, razvoja fleksibilnosti, sposobnosti motivacije, pozitivnog utjecaja na druge ljude, te pomicanja granica u osobom rastu. Ste\u010dena znanja mo\u017eete upotrijebiti u poslovanju, coachingu, marketingu, upravljanju ljudima, prodaji, \u0161kolstvu, svakodnevnom \u017eivotu.<\/p>\n<p lang=\"en-GB\" align=\"left\"><img loading=\"lazy\" decoding=\"async\" class=\"alignnone size-full wp-image-6771\" src=\"https:\/\/stage.inner-code.hr\/wp-content\/uploads\/2024\/09\/Spacer_5x5.png\" alt=\"\" width=\"5\" height=\"5\" \/><\/div>\n<h4 lang=\"en-GB\" align=\"left\">ZA\u0160TO ODABRATI OVU EDUKACIJU?<\/h4>\n<div class=\"post_excerpt animate\"><\/p>\n<p>Na modularnoj NLP Master edukaciji produbit \u0107ete znanje NLP-a s dodatnim tehnikama i metodama, upoznat \u0107ete se s unutarnjim dijelovima li\u010dnosti, definirati osobne vrijednosti i raditi na ograni\u010davaju\u0107im uvjerenjima. Bilo da ste coach, komunikator ili ste aktivni na poslovnom podru\u010dju, ovom edukacijom dobit \u0107ete pristup novim NLP alatima i tehnikama primjenjivim u radu s pojedincima i grupama.<\/p>\n<p>Program je akreditiran od strane me\u0111unarodnih NLP institucija: IN \u2013 International <br \/>Association of NLP Institutes, HANLP \u2013 Hrvatske asocijacije za NLP, \u010dlanicama EANLP \u2013 Europska Asocijacija za NLP, te pripadaju\u0107e certifikate po uspje\u0161nom zavr\u0161etku edukacije<\/p>\n<p>Nakon zavr\u0161ene edukacije mo\u017eete nastaviti u smjeru NLP Trenera, NLPt Psihoterapeuta ili i\u0107i u smjeru coachinga. Tijekom edukacije poti\u010demo rad sudionika u peer grupama.<br \/><br \/><\/p>\n<p><\/div>\n<h4 lang=\"en-GB\" align=\"left\"><span lang=\"hr-HR\">KOME JE NAMIJENJENA OVA EDUKACIJA?<b><br \/><br \/><\/b><\/span><\/h4>\n<p lang=\"en-GB\" align=\"left\"><div class=\"post_excerpt animate\"><\/p>\n<ul>\n<li>NLP Prakti\u010darima, trenerima, coachevima, rukovoditeljima, voditeljima timova<\/li>\n<li>osobama koje su orijentirane na daljnje u\u010denje, usavr\u0161avanje i samootkrivanje<\/li>\n<li>osobama koje \u017eele i\u0107i u smjeru NLP Trenera ili NLPt psihoterapije<br \/><br \/><\/li>\n<\/ul>\n<p><\/div><\/p>\n<h4 class=\"western\" align=\"left\">PREDUVJET ZA SUDJELOVANJE: zavr\u0161ena edukacija NLP Practitioner<\/h4>\n<p>\u00a0<\/p>\n<h4>ORGANIZACIJA I SADR\u017dAJ TRENINGA<\/h4>\n<div class=\"post_excerpt animate\"><b><br \/><\/b><\/p>\n<p>Edukacija traje ukupno 260 sati (36 dana) predavanja i prakti\u010dnog rada organiziranih u 6 modula (jedan modul mjese\u010dno).<br \/>Prvih <strong>130 sati \/ 18 dana<\/strong> \u010dini ulazna kvalifikaciju <strong>\u201eNLP Practitioner, IN\u201d<\/strong>.<br \/>Drugih <strong>130 sata \/ 18 dana<\/strong> edukacije obuhva\u0107a sadr\u017eaj specifi\u010dan za <strong>\u201eNLP Master, IN\u201d<\/strong>.<\/p>\n<p>Trening se odr\u017eava u\u017eivo i\/ili online putem Zoom aplikacije: petkom od 17:00 do 21:00, te subotom i nedjeljom od 09:00 do 15:00.<br \/><br \/><\/p>\n<p><\/div>\n<h4>SADR\u017dAJ EDUKACIJE:<br \/><br \/><\/h4>\n<div class=\"post_excerpt animate\"><\/p>\n<ul>\n<li>ekolo\u0161ko-eti\u010dka upotreba NLP-a<\/li>\n<li>bihevioralna kompetencija vje\u0161tina u svim vje\u0161tinama razine \u201eNLP Practitioner\u201d<\/li>\n<li>mogu\u0107nost istovremene primjene vi\u0161e NLP tehnika<\/li>\n<li>fleksibilnost u vlastitim reprezentacijskim sustavima i perceptivnim filterima<\/li>\n<li>napredne vje\u0161tine uspostavljanja raporta s pojedincima i grupama<\/li>\n<li>davanja precizne povratne informacije temeljene na osjetilnim opa\u017eanjima<\/li>\n<li>napredne sposobnosti uspostavljanja raporta<\/li>\n<li>napredno modeliranje pona\u0161anja, temeljnih uvjerenja, temeljnih vrijednosti, meta-programa<\/li>\n<li>izrada individualiziranih intervencija<\/li>\n<li>Meta-programi: LAB-profil (Shelle Rose Charvet); verzija meta-programa prema Robertu Diltsu<\/li>\n<li>prepoznavanje i mijenjanje ograni\u010davaju\u0107ih uvjerenja, instaliranje novih podr\u017eavaju\u0107ih uvjerenja<\/li>\n<li>Re-Imprinting i napredni TimeLine \u2013 prema Robertu Diltsu<\/li>\n<li>Change Belief Cycle (Robert Dilts)<\/li>\n<li>Razvojni NLP (Claire Graves, Spiralna dinamika, Ken Wilber)<\/li>\n<li>Satir kategorije<\/li>\n<li>NLP retorika &#8211; komunikacija na vi\u0161e razina<\/li>\n<li>Promjena uvjerenja tehnikom Slight of Mouth<\/li>\n<li>Napredni Milton-model &#8211; vo\u0111ene fantazije, metafore iscjeljivanja, konverzacijska primjena transa<\/li>\n<li>Napredni rad na dubokim promjenama i Flow States<\/li>\n<li>Core Transformation (Connirae Andreas)<\/li>\n<li>Primjena NLP-a u psihologiji usmjerenoj na proces (Process Oriented Psychology, Arnold Mindell)<\/li>\n<li>Primjena NLP-a u Herojevom putovanju (The Hero\u2019s Journey, Dilts\/Gilligan)<\/li>\n<li>Napredni submodalnosti -primjena NLP-a u konstelacijama (Bert Hellinger, Insa Sparrer \/ Matthias Varga von Kib\u00e9d, Rebecca Szeto)<\/li>\n<li>Primjena NLP-a u Socijalnoj panorami i psihologiji mentalnog prostora (Mental Space Psychology, dr. Lucas Derks)<\/li>\n<li>SOAR i Jungle Gym modeli<\/li>\n<li>Unified Field Theory of NLP (Teorija ujedinjenog polja NLP-a)<\/li>\n<li>Prezentacijske vje\u0161tine na NLP Master razini<br \/><br \/><\/li>\n<\/ul>\n<p><\/div>\n<h4>UVJETI ZA CERTIFIKACIJU<br \/><br \/><\/h4>\n<div class=\"post_excerpt animate\"><\/p>\n<ul>\n<li>redovito poha\u0111anje edukacije \u2013 minimalno 80% prisustva (u slu\u010daju du\u017eeg izostanka i propu\u0161tenog sadr\u017eaja, polaznik mo\u017ee nadoknaditi propu\u0161teno u sljede\u0107im grupama)<\/li>\n<li>teorijska i prakti\u010dna provjera razumijevanja i integracije nau\u010denog sadr\u017eaja<\/li>\n<li>po uspje\u0161nom zavr\u0161etku edukacije, polaznik stje\u010de naslov i certifikat \u201eNLP Master , IN\u201d, odnosno \u201eNLP Master, HANLP\u201d, kojim se potvr\u0111uje da je ovladao konceptima, sadr\u017eajima, vje\u0161tinama, tehnikama i metodama neurolingvisti\u010dkog programiranja prema propisanim standardima<br \/><br \/><\/li>\n<\/ul>\n<p><\/div>\n<h4>Cijena edukacije: 990,00 eura (jednokratno ili na rate)<br \/><br \/><\/h4>\n<div class=\"post_excerpt animate\"><\/p>\n<ul>\n<li>U cijenu su uklju\u010deni svi materijali, trening, certifikat (izdaje se po zavr\u0161etku edukacije i stjecanju uvjeta)<\/li>\n<li>Za potvrdu prijave i poha\u0111anje edukacije, potrebno je izvr\u0161iti uplatu kotizacije u iznosu 100,00 eura prije po\u010detka edukacije<\/li>\n<li>Za rane prijave (najmanje mjesec dana prije po\u010detka edukacije) ostvarujete popust od 10%<\/li>\n<li>Za dolazak u paru sa \u010dlanom obitelji, partnerom ili prijateljem ostvarujete popust od 10%<br \/><br \/><\/li>\n<\/ul>\n<p><span lang=\"hr-HR\"><b>Prijava je obavezna<\/b>\u00a0putem\u00a0na\u0161e prijavnice\u00a0<strong>OVDJE<\/strong>\u00a0ili na\u00a0<a href=\"mailto:info@inner-code.hr\">info@inner-code.hr<\/a>\u00a0<br \/><br \/><\/span><\/div>\n<p lang=\"en-GB\" align=\"left\"><div class=\"post_excerpt animate\"><em>U slu\u010daju nepredvi\u0111enih okolnosti, zadr\u017eavamo pravo izmjene termina i na\u010dina odr\u017eavanja programa (u\u017eivo\/online) te pravo otkazivanja programa uslijed okolnosti koje nije bilo mogu\u0107e predvidjeti, otkoniti ili izbje\u0107i. U slu\u010daju neodr\u017eavanja programa, vra\u0107amo puni iznos upla\u0107ene kotizacije ili cijelog iznosa.<\/em><\/div><\/p>\n\n\n<div style=\"height:50px\" aria-hidden=\"true\" class=\"wp-block-spacer\"><\/div>\n\n\n\n<p><\/p>\n","protected":false},"excerpt":{"rendered":"<p>ZA\u0160TO ODABRATI OVU EDUKACIJU? KOME JE NAMIJENJENA OVA EDUKACIJA? PREDUVJET ZA SUDJELOVANJE: zavr\u0161ena edukacija NLP Practitioner \u00a0 ORGANIZACIJA I SADR\u017dAJ TRENINGA SADR\u017dAJ EDUKACIJE: UVJETI ZA CERTIFIKACIJU Cijena edukacije: 990,00 eura (jednokratno ili na rate)<\/p>\n","protected":false},"author":1,"featured_media":5574,"parent":0,"menu_order":0,"comment_status":"closed","ping_status":"closed","template":"","meta":{"footnotes":""},"class_list":["post-6829","page","type-page","status-publish","has-post-thumbnail","hentry"],"_links":{"self":[{"href":"https:\/\/stage.inner-code.hr\/index.php\/wp-json\/wp\/v2\/pages\/6829","targetHints":{"allow":["GET"]}}],"collection":[{"href":"https:\/\/stage.inner-code.hr\/index.php\/wp-json\/wp\/v2\/pages"}],"about":[{"href":"https:\/\/stage.inner-code.hr\/index.php\/wp-json\/wp\/v2\/types\/page"}],"author":[{"embeddable":true,"href":"https:\/\/stage.inner-code.hr\/index.php\/wp-json\/wp\/v2\/users\/1"}],"replies":[{"embeddable":true,"href":"https:\/\/stage.inner-code.hr\/index.php\/wp-json\/wp\/v2\/comments?post=6829"}],"version-history":[{"count":13,"href":"https:\/\/stage.inner-code.hr\/index.php\/wp-json\/wp\/v2\/pages\/6829\/revisions"}],"predecessor-version":[{"id":7214,"href":"https:\/\/stage.inner-code.hr\/index.php\/wp-json\/wp\/v2\/pages\/6829\/revisions\/7214"}],"wp:featuredmedia":[{"embeddable":true,"href":"https:\/\/stage.inner-code.hr\/index.php\/wp-json\/wp\/v2\/media\/5574"}],"wp:attachment":[{"href":"https:\/\/stage.inner-code.hr\/index.php\/wp-json\/wp\/v2\/media?parent=6829"}],"curies":[{"name":"wp","href":"https:\/\/api.w.org\/{rel}","templated":true}]}}