{"id":6818,"date":"2024-10-04T12:45:04","date_gmt":"2024-10-04T10:45:04","guid":{"rendered":"https:\/\/stage.inner-code.hr\/?page_id=6818"},"modified":"2026-01-04T22:31:20","modified_gmt":"2026-01-04T21:31:20","slug":"nlp-practitioner","status":"publish","type":"page","link":"https:\/\/stage.inner-code.hr\/index.php\/nlp-practitioner\/","title":{"rendered":"NLP Practitioner"},"content":{"rendered":"<div class=\"post_excerpt \">\n<p lang=\"en-GB\" style=\"text-align: center;\"><em>\u201ePo mom iskustvu, najve\u0107i izazov s kojim se ljudi suo\u010davaju jest nau\u010diti kako da sami sebi ne stoje na putu. Kad shvatite koliko promjena mo\u017ee biti jednostavna, mo\u017eete po\u010deti preuzimati kontrolu nad svojim \u017eivotom i napraviti sve promjene koje \u017eelite \u2013 ali morate poduzeti akciju.\u201c<\/em><\/p>\n<p lang=\"en-GB\" style=\"text-align: right;\"><em>Richard Bandler<\/em><\/p>\n<p><strong>NLP Practitioner<\/strong> temeljna je edukacija\/trening kojim ovladavate osnovnim alatima i vje\u0161tinama neurolingvisti\u010dkog programiranja (uklju\u010duje sve sadr\u017eaje NLP Communication).<\/p>\n<p><strong>NLP Practitioner<\/strong> edukacija namijenjen svima koji \u017eele nau\u010diti osnove NLP-a u svrhu pobolj\u0161anja komunikacije te boljeg razumijevanja sebe i drugih. U\u010denjem efikasnih NLP tehnika polaznici stje\u010du izuzetno vrijedne alate za osobni i profesionalni razvoj koji doprinose razvoju samopouzdanja, fleksibilnosti, sposobnosti dono\u0161enja odluka, jasno\u0107e u postavljanju ciljeva te, generalno, unapre\u0111enju me\u0111uljudskih odnosa.<br \/><br \/><\/p>\n<p><span lang=\"hr-HR\"><img loading=\"lazy\" decoding=\"async\" class=\"alignnone size-full wp-image-6771\" src=\"https:\/\/stage.inner-code.hr\/wp-content\/uploads\/2024\/09\/Spacer_5x5.png\" alt=\"\" width=\"5\" height=\"5\" \/><\/div><\/span><\/p>\n<h4 class=\"western\" lang=\"en-GB\"><span lang=\"hr-HR\"><b>SADR\u017dAJ EDUKACIJE NLP PRACTITIONER:<br \/><br \/><\/b><\/span><\/h4>\n<p lang=\"en-GB\"><div class=\"post_excerpt animate\"><\/p>\n<ul>\n<li>Osnove NLP-a: koji su osnovni koncepti i na\u010dela NLP-a, za\u0161to je NLP znanost o uspjeha, koji su stupovi uspjeha<\/li>\n<li>Kalibriranje: kako mo\u0107 zapa\u017eanja i fleksibilnost vode ka br\u017eem i lak\u0161em postizanju \u017eeljenih rezultata, kako otkriti neverbalne signale drugih i kako ih koristiti za pobolj\u0161anje komunikacije<\/li>\n<li>Reprezentativni sustavi: kako prepoznati i pozitivno utjecati na komunikacijski \u201dkanal\u201d kod sebe i sugovornika<\/li>\n<li>Rapport: kako uspostaviti optimalan kontakt sa drugom osobom, prilagoditi joj se i usmjeravati, kako uspostaviti most povjerenja<\/li>\n<li>Peacing i leading: kako voditi komunikaciju, kako razviti vje\u0161tine brze prilagodbe sa razli\u010ditim sugovornicima, kako posti\u0107i da me sugovornik razumije<\/li>\n<li>Pozicije zapa\u017eanja: kako sagledati situaciju iz vi\u0161e aspekata\/uglova da bi se pro\u0161irile mogu\u0107nosti uvida i djelovanja<\/li>\n<li>Ciljevi: kako prepoznati i definirati osobni i profesionalni cilj, te kako odabrati strukturiran na\u010din da bi se relizirao<\/li>\n<li>Disneyeva strategija: kako primijeniti Disneyevu strategiju kreativnosti u radu na projektima, kako se radi sa sanjarom, realistom i kriti\u010darem<\/li>\n<li>Logi\u010dke razine: kako posti\u0107i promjenu i na kojoj logi\u010dkoj razini je potrebno raditi, kako zaobi\u0107i nesporazume i nerazumijevanje<\/li>\n<li>Feedback: pravilno primanje i davanje feedbacka<\/li>\n<li>Sidrenje: kako pritiskom na \u201epravi gumb\u201c uspostaviti kontakt sa korisnim iskustvima i resursima iz pro\u0161losti, kako oja\u010dati unutarnje reprezentacije \u017eeljenog ishoda budu\u0107eg doga\u0111aja, kako aktivirati vlastite resurse, kako u svakoj situaciji proizvesti i zadr\u017eati jako resursno stanje<\/li>\n<li>Meta-model govora: kako u svakoj situaciji postaviti precizno, su\u0161tinsko pitanje, te kako razumjeti dubinsku strukturu komunikacije, prepoznati generaliziranje, iskrivljavanje i brisanje u govoru<\/li>\n<li>Miltonov model govora: kako govorom doprijeti do podsvijesti, kako uspe\u0161no primijenjivati Miltonove govorne obrasce, kako posti\u0107i razumijevanje sa sugovornikom, kakav je jezik hipnoze<\/li>\n<li>TimeLine: na\u010din rada s konceptom poimanja vremena u svrhu osna\u017eivanja sebe i svoje okolne<\/li>\n<li>Uokviravanje (Framing) i preuokviravanje (Refraiming): kako kreativno pristupiti situacijama i problemima, kako razviti mogu\u0107nosti za nova rje\u0161enja, ostvarivanje \u017eeljene promjene u 6 koraka<\/li>\n<li>Submodaliteti: strukture opa\u017eanja i subjektivnog do\u017eivljavanja, kako stvarati dugoro\u010dne promjene, kako poja\u010dati emocionalni odnos prema pozitivnim situacijama i kako ga smanjiti prema negativnim<\/li>\n<li>Strategije: kako upoznati i optimizirati vlastite strategije, kako se primijenjuje T.O.T.E.-model<\/li>\n<li>Self-management: uspje\u0161ne tehnike self-managementa poput generatora novog pona\u0161anja (New Behaviour Generator)<\/li>\n<li>Modeliranje: kako uspje\u0161no integrirati u vlastiti \u017eivot strategije uspje\u0161nih pojedinaca<\/li>\n<li>Metafore: kako utje\u010du na na\u0161 \u017eivot, kako nas oblikuju i \u0161to nam zna\u010de, kako ih svjesno koristiti u komunikaciji<br \/><br \/><\/li>\n<\/ul>\n<p><span lang=\"hr-HR\"><\/div><\/span><\/p>\n<h4>ORGANIZACIJA I SADR\u017dAJ TRENINGA<br \/><br \/><\/h4>\n<p lang=\"en-GB\" align=\"left\"><div class=\"post_excerpt animate\"><\/p>\n<p>Edukacija traje ukupno 130 sati (18 dana) predavanja i prakti\u010dnog rada organiziranih u 6 modula (jedan modul mjese\u010dno).<\/p>\n<p>Zavr\u0161ena edukacij NLP Communication pokriva sadr\u017eajno, vremenski i cijenom 1. i 2. modul edukacije NLP Practitioner, stoga je mogu\u0107e nastaviti edukaciju upisom na 3. modul.<\/p>\n<p>Trening se odr\u017eava u\u017eivo i\/ili online putem Zoom aplikacije: petkom od 17:00 do 21:00, te subotom i nedjeljom od 09:00 do 15:00.<br \/><br \/><\/p>\n<p><span lang=\"hr-HR\"><\/div><\/span><\/p>\n<h4 lang=\"en-GB\" align=\"left\">KOME JE NAMIJENJENA OVA EDUKACIJA?<br \/><br \/><\/h4>\n<p lang=\"en-GB\" align=\"left\"><div class=\"post_excerpt animate\"><\/p>\n<ul>\n<li>svima koji \u017eele bolje razumijevanje sebe, svog pona\u0161anja te u\u010dinkovitije upravljanje svojim emocijama, mislima i postupcima<\/li>\n<li>svima koji \u017eele osvijestiti svoje jake strane i mudro upravljati njima<\/li>\n<li>svima koji \u017eele aktivirati svoje unutarnje resurse i aktivirati unutarnju motivaciju<\/li>\n<li>svima koji \u017eele prepoznati i ukloniti blokade koje ih sprje\u010davaju da postignu uspje\u0161nu komunikaciju, te unaprijede svoje sposobnosti za u\u010dinkovitu komunikaciju<\/li>\n<li>svima koji \u017eele nau\u010diti kako precizno postavljati ostvarljive ciljeve, osobne i poslovne<\/li>\n<li>svima koji \u017eele nau\u010diti, produbiti i razviti kreativan pristup situacijama i problemima<\/li>\n<li>svima koji \u017eele razvijati sposobnosti orijentacije ka rje\u0161enju, umjesto ka problemu<\/li>\n<li>svima koji su u potrazi za uspje\u0161nim strategijama i tehnikama za promjenu, npr. ne\u017eeljenog pona\u0161anja, ograni\u010davaju\u0107ih uvjerenja i sl.<\/li>\n<li>voditeljima i liderima koji \u017eele motivirati i voditi ljude i timove<\/li>\n<li>studentima<\/li>\n<li>u\u010diteljima, odgajateljima, zdravstvenim djelatnicima, predava\u010dima, konzultantima, prodava\u010dima&#8230;svima onima koji direktno ili indirektno rade s ljudima<\/li>\n<li>sporta\u0161ima, glumcima, plesa\u010dima, pjeva\u010dima i svima onima koji javno nastupaju<\/li>\n<li>svima koji su prethodno zavr\u0161ili edukaciju NLP Communication<br \/><br \/><\/li>\n<\/ul>\n<p lang=\"en-GB\" align=\"left\"><span lang=\"hr-HR\"><\/div><\/span><\/p>\n<h4 lang=\"en-GB\" align=\"left\">\u0160TO DOBIVATE ODABIROM OVOG PROGRAMA<br \/><br \/><\/h4>\n<p lang=\"en-GB\" align=\"left\"><div class=\"post_excerpt animate\"><\/p>\n<ul>\n<li lang=\"en-GB\">akreditiran program od strane me\u0111unarodnih NLP institucija: IN \u2013 International <br \/>Association of NLP Institutes, HANLP \u2013 Hrvatske asocijacije za NLP, \u010dlanicama EANLP \u2013 Europska Asocijacija za NLP, te pripadaju\u0107e certifikate po uspje\u0161nom zavr\u0161etku edukacije<\/li>\n<li lang=\"en-GB\">130 sati interaktivne i u praksu preto\u010dene edukacije<\/li>\n<li lang=\"en-GB\">iskustvo rada u grupi \u2013 razmjena iskustva i u\u010denje unutar grupe<\/li>\n<li lang=\"en-GB\">priru\u010dnik\/skriptu sa sadr\u017eajima edukacije<\/li>\n<li lang=\"en-GB\">vje\u017ebe i prakti\u010dne zadatke za primjenu nau\u010denog<\/li>\n<li lang=\"en-GB\">podr\u0161ku trenera u osobnom i profesionalnom napretku<\/li>\n<li lang=\"en-GB\">edukacija se odr\u017eava jednom mjese\u010dno petkom predve\u010der i vikendom (prilago\u0111eno zaposlenima, studentima i svima onima koji tijekom radnog tjedna ne bi mogli sudjelovati na edukaciji, a zanima ih osobni i profesionalni rast i razvoj)<br \/><br \/><\/li>\n<\/ul>\n<p lang=\"en-GB\" align=\"left\"><span lang=\"hr-HR\"><\/div><\/span><\/p>\n<h4 lang=\"en-GB\" align=\"left\">UVJETI ZA CERTIFIKACIJU<br \/><br \/><\/h4>\n<p lang=\"en-GB\" align=\"left\"><div class=\"post_excerpt animate\"><\/p>\n<ul>\n<li>redovito poha\u0111anje edukacije \u2013 minimalno 80% prisustva (u slu\u010daju du\u017eeg izostanka i propu\u0161tenog sadr\u017eaja, polaznik mo\u017ee nadoknaditi propu\u0161teno u sljede\u0107im grupama)<\/li>\n<li>teorijska i prakti\u010dna provjera razumijevanja i integracije nau\u010denog sadr\u017eaja<\/li>\n<li>po uspje\u0161nom zavr\u0161etku edukacije, polaznik stje\u010de naslov i certifikat \u201eNLP Practitioner, IN\u201d, odnosno \u201eNLP Practitioner, HANLP\u201d, kojim se potvr\u0111uje da je ovladao temeljnim konceptima, sadr\u017eajima, vje\u0161tinama, tehnikama i metodama neurolingvisti\u010dkog programiranja prema propisanim standardima<br \/><br \/><\/li>\n<\/ul>\n<p lang=\"en-GB\" align=\"left\"><span lang=\"hr-HR\"><\/div><\/span><\/p>\n<h4 lang=\"en-GB\" align=\"left\">Cijena edukacije: 960,00 eura (jednokratno ili na rate)<\/h4>\n<p lang=\"en-GB\" align=\"left\"><span lang=\"hr-HR\"><div class=\"post_excerpt animate\"><\/span><\/p>\n<ul>\n<li lang=\"en-GB\">U cijenu su uklju\u010deni svi materijali, trening, certifikat (izdaje se po zavr\u0161etku edukacije i stjecanju uvjeta)<\/li>\n<li lang=\"en-GB\">Za potvrdu prijave i poha\u0111anje edukacije, potrebno je izvr\u0161iti uplatu kotizacije u iznosu 60,00 eura prije po\u010detka edukacije<\/li>\n<li lang=\"en-GB\">Za rane prijave (najmanje mjesec dana prije po\u010detka edukacije) ostvarujete popust od 10%<\/li>\n<li lang=\"en-GB\">Za dolazak u paru sa \u010dlanom obitelji, partnerom ili prijateljem ostvarujete popust od 10%<\/li>\n<\/ul>\n<p lang=\"en-GB\" align=\"left\"><span lang=\"hr-HR\"><b>Prijava je obavezna<\/b>\u00a0putem\u00a0na\u0161e prijavnice\u00a0<strong>OVDJE<\/strong>\u00a0ili na\u00a0<a href=\"mailto:info@inner-code.hr\">info@inner-code.hr<\/a>\u00a0<br \/><br \/><img loading=\"lazy\" decoding=\"async\" class=\"alignnone size-full wp-image-6771\" src=\"https:\/\/stage.inner-code.hr\/wp-content\/uploads\/2024\/09\/Spacer_5x5.png\" alt=\"\" width=\"5\" height=\"5\" \/><\/div><\/span><\/p>\n<p lang=\"en-GB\" align=\"left\"><div class=\"post_excerpt animate\"><em>U slu\u010daju nepredvi\u0111enih okolnosti, zadr\u017eavamo pravo izmjene termina i na\u010dina odr\u017eavanja programa (u\u017eivo\/online) te pravo otkazivanja programa uslijed okolnosti koje nije bilo mogu\u0107e predvidjeti, otkoniti ili izbje\u0107i. U slu\u010daju neodr\u017eavanja programa, vra\u0107amo puni iznos upla\u0107ene kotizacije ili cijelog iznosa.<\/em><\/div><\/p>\n\n\n<div style=\"height:50px\" aria-hidden=\"true\" class=\"wp-block-spacer\"><\/div>\n\n\n\n<p><\/p>\n","protected":false},"excerpt":{"rendered":"<p>SADR\u017dAJ EDUKACIJE NLP PRACTITIONER: ORGANIZACIJA I SADR\u017dAJ TRENINGA KOME JE NAMIJENJENA OVA EDUKACIJA? \u0160TO DOBIVATE ODABIROM OVOG PROGRAMA UVJETI ZA CERTIFIKACIJU Cijena edukacije: 960,00 eura (jednokratno ili na rate)<\/p>\n","protected":false},"author":1,"featured_media":5574,"parent":0,"menu_order":0,"comment_status":"closed","ping_status":"closed","template":"","meta":{"footnotes":""},"class_list":["post-6818","page","type-page","status-publish","has-post-thumbnail","hentry"],"_links":{"self":[{"href":"https:\/\/stage.inner-code.hr\/index.php\/wp-json\/wp\/v2\/pages\/6818","targetHints":{"allow":["GET"]}}],"collection":[{"href":"https:\/\/stage.inner-code.hr\/index.php\/wp-json\/wp\/v2\/pages"}],"about":[{"href":"https:\/\/stage.inner-code.hr\/index.php\/wp-json\/wp\/v2\/types\/page"}],"author":[{"embeddable":true,"href":"https:\/\/stage.inner-code.hr\/index.php\/wp-json\/wp\/v2\/users\/1"}],"replies":[{"embeddable":true,"href":"https:\/\/stage.inner-code.hr\/index.php\/wp-json\/wp\/v2\/comments?post=6818"}],"version-history":[{"count":10,"href":"https:\/\/stage.inner-code.hr\/index.php\/wp-json\/wp\/v2\/pages\/6818\/revisions"}],"predecessor-version":[{"id":7203,"href":"https:\/\/stage.inner-code.hr\/index.php\/wp-json\/wp\/v2\/pages\/6818\/revisions\/7203"}],"wp:featuredmedia":[{"embeddable":true,"href":"https:\/\/stage.inner-code.hr\/index.php\/wp-json\/wp\/v2\/media\/5574"}],"wp:attachment":[{"href":"https:\/\/stage.inner-code.hr\/index.php\/wp-json\/wp\/v2\/media?parent=6818"}],"curies":[{"name":"wp","href":"https:\/\/api.w.org\/{rel}","templated":true}]}}