{"id":6809,"date":"2024-10-04T12:35:14","date_gmt":"2024-10-04T10:35:14","guid":{"rendered":"https:\/\/stage.inner-code.hr\/?page_id=6809"},"modified":"2026-01-04T22:07:06","modified_gmt":"2026-01-04T21:07:06","slug":"nlp-communication","status":"publish","type":"page","link":"https:\/\/stage.inner-code.hr\/index.php\/nlp-communication\/","title":{"rendered":"NLP Communication"},"content":{"rendered":"<div class=\"post_excerpt \"><\/p>\n<p lang=\"en-GB\" style=\"text-align: center;\"><em>\u201ePostoji puno toga \u0161to mo\u017eemo u\u010diniti na ovom svijetu kako bismo ga u\u010dinili boljim mjestom, no moramo po\u010deti od sebe.\u201d<\/em><\/p>\n<p lang=\"en-GB\" style=\"text-align: right;\"><em>Richard Bandler<\/em><\/p>\n<p><strong>NLP Communication<\/strong> je odli\u010dan po\u010detak putovanja ka pozitivnim promjenama unutar sebe, ka promjeni perspektive iz koje smo do sada gledali na svijet i odnose oko sebe. Sli\u010dno je kao kad se uspinjemo na planinu. \u0160to se vi\u0161e uspinjemo to nam je ve\u0107i obzor koji mo\u017eemo vidjeti, \u0161ira perspektiva, a upravo ta \u0161irina donosi vi\u0161e opcija za djelovanje. Dakle, mijenjaju\u0107i perspektivu, doslovce mijenjamo i svoj svijet.<\/p>\n<p><strong>NLP Communication<\/strong> je trening namijenjen svima koji \u017eele nau\u010diti osnove NLP-a u svrhu pobolj\u0161anja komunikacije te boljeg razumijevanja sebe i drugih. U\u010denjem efikasnih NLP tehnika polaznici stje\u010du izuzetno vrijedne alate za osobni i profesionalni razvoj koji doprinose razvoju samopouzdanja, fleksibilnosti, sposobnosti dono\u0161enja odluka, jasno\u0107e u postavljanju ciljeva te, generalno, unapre\u0111enju me\u0111uljudskih odnosa.<\/p>\n<p>\u00a0<\/p>\n<p><\/div>\n<h4>SADR\u017dAJ EDUKACIJE NLP COMMUNICATION:<br \/><br \/><\/h4>\n<div class=\"post_excerpt animate\">\n<ul>\n<li>Osnove NLP-a: koji su osnovni koncepti i na\u010dela NLP-a, za\u0161to je NLP znanost o uspjeha, koji su stupovi uspjeha<\/li>\n<li>Kalibriranje: kako mo\u0107 zapa\u017eanja i fleksibilnost vode ka br\u017eem i lak\u0161em postizanju \u017eeljenih rezultata, kako otkriti neverbalne signale drugih i kako ih koristiti za pobolj\u0161anje komunikacije<\/li>\n<li>Reprezentativni sustavi: kako prepoznati i pozitivno utjecati na komunikacijski \u201dkanal\u201d kod sebe i sugovornika<\/li>\n<li>Rapport: kako uspostaviti optimalan kontakt sa drugom osobom, prilagoditi joj se i usmjeravati, kako uspostaviti most povjerenja<\/li>\n<li>Peacing i leading: kako voditi komunikaciju, kako razviti vje\u0161tine brze prilagodbe sa razli\u010ditim sugovornicima, kako posti\u0107i da me sugovornik razumije<\/li>\n<li>Pozicije zapa\u017eanja: kako sagledati situaciju iz vi\u0161e aspekata\/uglova da bi se pro\u0161irile mogu\u0107nosti uvida i djelovanja<\/li>\n<li>Ciljevi: kako prepoznati i definirati osobni i profesionalni cilj, te odabrati na\u010din kako ga posti\u0107i<\/li>\n<li>Disneyeva strategija: kako primijeniti Disneyevu strategiju kreativnosti u radu na projektima, kako se radi sa sanjarom, realistom i kriti\u010darem<\/li>\n<li>Logi\u010dke razine: kako posti\u0107i promjenu i na kojoj logi\u010dkoj razini je potrebno raditi, kako zaobi\u0107i nesporazume i nerazumijevanje<\/li>\n<li>Feedback: pravilno primanje i davanje feedbacka<br \/><br \/><\/div><\/li>\n<\/ul>\n<h4 lang=\"en-GB\">ORGANIZACIJA I SADR\u017dAJ TRENINGA<\/h4>\n<p lang=\"en-GB\"><div class=\"post_excerpt animate\"><\/p>\n<p>Program traje ukupno 40 sati u\u010denja i prakti\u010dnog rada organiziranih u 2 modula (jedan modul mjese\u010dno).<\/p>\n<p>Odr\u017eava se u\u017eivo i\/ili online putem Zoom aplikacije: petkom od 17:00 do 21:00, te subotom i nedjeljom od 09:00 do 15:00.<\/p>\n<p>Po zavr\u0161etku NLP Communication, mo\u017eete nastaviti edukaciju u okviru programa NLP Practitioner na na\u010din, da se priklju\u010dite tre\u0107em modulu edukacije NLP Practitioner. Naime, NLP Communication je sadr\u017eajno i cijenom sastavni dio NLP Practitioner (prva 2 modula).<\/p>\n<p class=\"western\" lang=\"en-GB\"><span lang=\"hr-HR\"><\/div><\/span><\/p>\n<h4>\u0160TO DOBIVATE ODABIROM OVOG PROGRAMA<br \/><br \/><\/h4>\n<div class=\"post_excerpt animate\"><\/p>\n<ul>\n<li class=\"western\">akreditiran program od strane me\u0111unarodnih NLP institucija: IN \u2013 International <br \/>Association of NLP Institutes, HANLP \u2013 Hrvatske asocijacije za NLP, \u010dlanicama EANLP \u2013 Europska Asocijacija za NLP, te pripadaju\u0107e certifikate po uspje\u0161nom zavr\u0161etku edukacije<\/li>\n<li class=\"western\">40 sati interaktivne i u praksu preto\u010dene edukacije<\/li>\n<li class=\"western\">iskustvo rada u grupi \u2013 razmjena iskustva i u\u010denje unutar grupe<\/li>\n<li class=\"western\">priru\u010dnik\/skriptu sa sadr\u017eajima edukacije<\/li>\n<li class=\"western\">vje\u017ebe i prakti\u010dne zadatke za primjenu nau\u010denog<\/li>\n<li class=\"western\">podr\u0161ku trenera u osobnom i profesionalnom napretku<\/li>\n<li class=\"western\">edukacija se odr\u017eava jednom mjese\u010dno petkom predve\u010der i vikendom (prilago\u0111eno zapooslenima, studentima i svima onima koji tijekom radnog tjedna ne bi mogli sudjelovati na edukaciji, a zanima ih osobni i profesionalni rast i razvoj)<\/li>\n<\/ul>\n<p>\u00a0<\/p>\n<p><\/div>\n<h4>UVJETI ZA CERTIFIKACIJU<br \/><br \/><\/h4>\n<div class=\"post_excerpt animate\">\n<ul>\n<li>redovito poha\u0111anje edukacije \u2013 minimalno 80% prisustva (u slu\u010daju du\u017eeg izostanka i propu\u0161tenog sadr\u017eaja, polaznik mo\u017ee nadoknaditi propu\u0161teno u sljede\u0107im grupama)<\/li>\n<li>teorijska i prakti\u010dna provjera razumijevanja i integracije nau\u010denog sadr\u017eaja<\/li>\n<li>po uspje\u0161nom zavr\u0161etku edukacije, polaznik stje\u010de naslov i certifikat \u201eNLP Communication, IN\u201d, odnosno \u201eNLP Communication, HANLP\u201d, kojim se potvr\u0111uje da je ovladao temeljnim konceptima, sadr\u017eajima, vje\u0161tinama, tehnikama i metodama neurolingvisti\u010dkog programiranja prema propisanim standardima<br \/><br \/><\/li>\n<\/ul>\n<p><span style=\"font-size: revert; color: initial;\"><\/div><\/span><\/p>\n<h4>Cijena edukacije: 320,00 eura (jednokratno ili u 2 rate)<br \/><br \/><\/h4>\n<div class=\"post_excerpt animate\">\n<ul>\n<li>U cijenu su uklju\u010deni svi materijali, trening, certifikat (izdaje se po zavr\u0161etku edukacije i stjecanju uvjeta)<\/li>\n<li>Za potvrdu prijave i poha\u0111anje edukacije, potrebno je izvr\u0161iti uplatu kotizacije u iznosu 60,00 eura prije po\u010detka edukacije<\/li>\n<li>Za rane prijave (najmanje mjesec dana prije po\u010detka edukacije) ostvarujete popust od 10%<\/li>\n<li>Za dolazak u paru sa \u010dlanom obitelji, partnerom ili prijateljem ostvarujete popust od 10%<\/li>\n<li>Odlu\u010dite li nastaviti edukaciju priklju\u010divanjem tre\u0107em modulu NLP Practitioner, cijena NLP Practitioner bit \u0107e umanjena za upla\u0107eni iznos<\/li>\n<\/ul>\n<p class=\"western\">Prijava je obavezna putem na\u0161e prijavnice OVDJE ili na <a href=\"mailto:info@inner-code.hr\">info@inner-code.hr<\/a><\/p>\n<p><span style=\"font-size: revert; color: initial;\"><\/div><\/span><\/p>\n<p><div class=\"post_excerpt animate\"><em>U slu\u010daju nepredvi\u0111enih okolnosti, zadr\u017eavamo pravo izmjene termina i na\u010dina odr\u017eavanja programa (u\u017eivo\/online) te pravo otkazivanja programa uslijed okolnosti koje nije bilo mogu\u0107e predvidjeti, otkoniti ili izbje\u0107i. U slu\u010daju neodr\u017eavanja programa, vra\u0107amo puni iznos upla\u0107ene kotizacije ili cijelog iznosa.<\/em><span style=\"font-size: revert; color: initial;\"><\/div><\/span><\/p>\n\n\n<div style=\"height:50px\" aria-hidden=\"true\" class=\"wp-block-spacer\"><\/div>\n\n\n\n<p><\/p>\n","protected":false},"excerpt":{"rendered":"<p>SADR\u017dAJ EDUKACIJE NLP COMMUNICATION: ORGANIZACIJA I SADR\u017dAJ TRENINGA \u0160TO DOBIVATE ODABIROM OVOG PROGRAMA UVJETI ZA CERTIFIKACIJU Cijena edukacije: 320,00 eura (jednokratno ili u 2 rate)<\/p>\n","protected":false},"author":1,"featured_media":5574,"parent":0,"menu_order":0,"comment_status":"closed","ping_status":"closed","template":"","meta":{"footnotes":""},"class_list":["post-6809","page","type-page","status-publish","has-post-thumbnail","hentry"],"_links":{"self":[{"href":"https:\/\/stage.inner-code.hr\/index.php\/wp-json\/wp\/v2\/pages\/6809","targetHints":{"allow":["GET"]}}],"collection":[{"href":"https:\/\/stage.inner-code.hr\/index.php\/wp-json\/wp\/v2\/pages"}],"about":[{"href":"https:\/\/stage.inner-code.hr\/index.php\/wp-json\/wp\/v2\/types\/page"}],"author":[{"embeddable":true,"href":"https:\/\/stage.inner-code.hr\/index.php\/wp-json\/wp\/v2\/users\/1"}],"replies":[{"embeddable":true,"href":"https:\/\/stage.inner-code.hr\/index.php\/wp-json\/wp\/v2\/comments?post=6809"}],"version-history":[{"count":13,"href":"https:\/\/stage.inner-code.hr\/index.php\/wp-json\/wp\/v2\/pages\/6809\/revisions"}],"predecessor-version":[{"id":7198,"href":"https:\/\/stage.inner-code.hr\/index.php\/wp-json\/wp\/v2\/pages\/6809\/revisions\/7198"}],"wp:featuredmedia":[{"embeddable":true,"href":"https:\/\/stage.inner-code.hr\/index.php\/wp-json\/wp\/v2\/media\/5574"}],"wp:attachment":[{"href":"https:\/\/stage.inner-code.hr\/index.php\/wp-json\/wp\/v2\/media?parent=6809"}],"curies":[{"name":"wp","href":"https:\/\/api.w.org\/{rel}","templated":true}]}}